)) is divided by s(-6)?
3
Let z = 12 + -12. Let d = z - -29. What is the remainder when d is divided by 10?
9
Let d = 5 + -6. Let g be (-4)/d*286/8. Suppose -53 + g = 5*b. Calculate the remainder when 34 is divided by b.
16
Let g = -7 + 23. Calculate the remainder when g is divided by 6.
4
Let f(m) = m - 4. What is the remainder when 14 is divided by f(9)?
4
Let c be 2 - (76/(-2) - 3). Let s = c + -26. What is the remainder when s is divided by 4?
1
Suppose -2*x + 26 = 2*n, 2*n + 5*x - 7 = 28. What is the remainder when ((-45)/20)/(1/(-16)) is divided by n?
6
Let z = 48 + -32. Calculate the remainder when 44 is divided by z.
12
Calculate the remainder when 44 is divided by 23/2 + 10/20.
8
What is the remainder when 4*-1 + (17 - 6) is divided by 2?
1
Suppose -5*v + 520 = -0*v. Calculate the remainder when v is divided by 15.
14
Let d(p) = -p**3 - 20*p**2 - 21*p + 57. What is the remainder when d(-19) is divided by 14?
11
Suppose 168 = 3*s + 54. Calculate the remainder when s is divided by 13.
12
Suppose 3*x - 505 = -4*h, -5*h + 2*x = -63 - 551. Let u = h + -73. Calculate the remainder when u is divided by 13.
12
What is the remainder when (7/(-4))/(2/(-64)) is divided by 12?
8
Suppose -96 + 0 = -4*a. Suppose 0 = 3*q - 5*p - 317, -p - 171 = 5*q - 718. Suppose -5*f - q = -339. Calculate the remainder when f is divided by a.
22
Suppose g - 4*g = 3, -3*t + 17 = -5*g. Let l = -12 + 11. Calculate the remainder when 2 is divided by t*l/(-4)*1.
0
Suppose 3*n = 2*n - 18. What is the remainder when 11/((-33)/n) - -1 is divided by ((-3)/(-5))/((-2)/(-10))?
1
Suppose -3*s + 75 = -93. Let c = -19 + s. Suppose 5*y - 71 = 2*p, -5*p + p = 5*y - 53. What is the remainder when c is divided by y?
11
Let g(a) = 3*a**2 + 2*a. Calculate the remainder when (-558)/(-12)*(-8)/(-6) is divided by g(2).
14
Suppose 43 - 7 = 4*u. Suppose 3*d - 8 = -y, -2*y - 3*d = 3*y - 28. What is the remainder when u is divided by y?
4
Let y = 2 - 1. Let d be (-40)/(-140) + 318/14. Calculate the remainder when y*(3 + 0) + d is divided by 9.
8
Let v be -2*(1 + 0) - -69. Let a = v - 35. Let w = -16 + a. Calculate the remainder when 30 is divided by w.
14
Suppose 4*s = 31 - 3. What is the remainder when s is divided by 6?
1
Let z be (1 - -1) + -2 + 2. Suppose -18 = z*c - 74. Let i(l) = 4*l - 2. Calculate the remainder when c is divided by i(3).
8
Let l = 14 + -9. Suppose -l*z - 33 = -8, 5*m + 3*z = -25. Calculate the remainder when m/9 - (-1405)/45 is divided by 11.
9
Suppose x + 10 = 2*b - x, -2*x + 4 = 5*b. Suppose 0 = 5*w - b*w - 210. Calculate the remainder when w is divided by 18.
16
Let r = 37 + -21. What is the remainder when 78 is divided by r?
14
Calculate the remainder when 2/8 - (-1528)/32 is divided by 13.
9
Suppose 2*b = -b + 345. Calculate the remainder when b is divided by 29.
28
Let u be 5 + (1 - 3) - -40. Let w = 73 - u. Calculate the remainder when w is divided by 16.
14
Let d(h) = h**2 - 4*h - 13. What is the remainder when 36 is divided by d(7)?
4
Let b = -4 - -10. What is the remainder when 15 is divided by b?
3
Let j = -68 - -123. Let c = j - 32. Suppose -3*s + 0*s + 28 = 4*k, -36 = -4*s - 4*k. Calculate the remainder when c is divided by s.
7
Let s(k) = 6*k - 4. Let q(j) = 7 - 3 + 3 + 2*j. Calculate the remainder when s(9) is divided by q(5).
16
Let c = -15 - -8. Suppose -3*l - 15 = 2*l. Let x = l - c. What is the remainder when 6 is divided by x?
2
Let j(v) = -14*v**3 - 2*v**2 - 2*v - 1. Calculate the remainder when 61 is divided by j(-1).
9
Suppose 2*j + 164 = 7*j + 3*h, 0 = -3*j + 5*h + 78. Suppose b - p = 4*b - j, -b + 2*p = -15. Calculate the remainder when 32 is divided by b.
10
Let n(u) = -2*u**3 + 3*u - 3. What is the remainder when n(-3) is divided by 9?
6
Suppose 5*g = -0*g. What is the remainder when 35 is divided by g*2/6 - -12?
11
Calculate the remainder when 61 is divided by ((-16)/(-4))/2*(-14)/(-4).
5
Let n(r) = 7*r. Let i be n(3). Suppose 2*o = -o + i. What is the remainder when 20 is divided by o?
6
Let z = -226 - -463. What is the remainder when z is divided by 48?
45
Let x(j) = -5*j**2 - 19*j + 13. Let w(c) = 3*c**2 + 9*c - 7. Let h(r) = -7*w(r) - 4*x(r). Calculate the remainder when h(12) is divided by 6.
3
Let r(o) = -o**3 - 14*o**2 + o + 22. Let s be r(-14). Let k be (11 - 1) + 1 - 1. Suppose 3*m - k = s. Calculate the remainder when m is divided by 3.
0
Suppose 2*m - 5*t = 263, -m + 575 = 4*m + 4*t. Suppose -m = -2*w - 39. Suppose 0*z = -5*z + w. Calculate the remainder when 22 is divided by z.
6
Suppose 0*c - 10 = -5*c. Let u(l) = 18*l**3 - 2*l**2 + 2*l - 3. Let k be u(c). What is the remainder when 44 is divided by 2/(-9) - k/(-9)?
14
Suppose -c - 120 = -9*c. What is the remainder when 102 is divided by c?
12
Let d = 1 + 1. Suppose 17 = d*x - 5. What is the remainder when 30 is divided by x?
8
Suppose -5*r = 3*k - 5, -6*k + 70 = -k - 4*r. Suppose -4*o + 117 = j, -4*o + j + 135 = o. What is the remainder when o is divided by k?
8
What is the remainder when (-48)/20 + 2 + (-514)/(-10) is divided by 27?
24
Suppose -7*v + 30 = -5*v. What is the remainder when 43 is divided by v?
13
Let u be 3/2*(-16)/(-6). Suppose -27 = -5*r + u*r. Calculate the remainder when r is divided by 7.
6
What is the remainder when 44 is divided by 11/((-11)/(-2)) - (-15 - -2)?
14
What is the remainder when 2/(-7) + (-2)/(-7) + 64 is divided by 22?
20
Calculate the remainder when 4 is divided by (-1)/(((-3)/(-9))/(-1)).
1
Calculate the remainder when (-98)/(-6) + 1/(-3) is divided by 8/28 + (-122)/(-14).
7
Let d(b) = -b**2 + 8. What is the remainder when 37 is divided by d(0)?
5
Calculate the remainder when 32 is divided by (14/1)/(2 - 1).
4
Suppose -k + 61 = 2*k + u, 2*k = 3*u + 59. Suppose 5*l - 3*l = k. What is the remainder when l is divided by 7?
4
Suppose -5*f - 3*u + 15 = -8, -f + u + 3 = 0. Suppose f + 5 = s. What is the remainder when (-1)/4 + 207/12 is divided by s?
8
Let b(v) = v**2 - 2*v - 1. Let z be b(3). Let t(l) = -6*l + 8*l + z - 5 - 25*l. Calculate the remainder when t(-2) is divided by 15.
13
Let m be -5*(-4)/(-8)*-2. Suppose -i - 27 = -4*x, m*i - 27 = x - 10. What is the remainder when 21 is divided by x?
5
Suppose -2*w + 0*w + 80 = 0. Let a = -5 - -11. Suppose -4*f + f - l + 40 = 0, -a = 3*l. What is the remainder when w is divided by f?
12
Let f(n) = 9*n - 1. Calculate the remainder when f(3) is divided by (-2)/(-4) - (-39)/6.
5
Let c = 1 + -1. What is the remainder when 16 is divided by -3 + 10 - (1 + c)?
4
Suppose -2*u = -96 - 14. Calculate the remainder when u is divided by 14.
13
Let t = 11 - 8. What is the remainder when 28/(-42) + 59/t is divided by (-2)/(4/2) + 8?
5
Let y(d) = -3*d - 1. Let w be (-2)/3 + 63/(-27). Calculate the remainder when y(w) is divided by 3.
2
What is the remainder when 95/3 - 4/6 is divided by (-10)/3*-3 + 1?
9
Let t(x) = -x**3 - 2*x**2 + x + 1. Let l be t(2). Let r = -1 - l. What is the remainder when 34 is divided by r?
10
Calculate the remainder when (1 - (4 - 1)) + 7 is divided by 2.
1
Calculate the remainder when 24 is divided by 1 - -9 - 1*-4.
10
Suppose -4*m + 96 = 8. What is the remainder when m is divided by 12?
10
Calculate the remainder when (137 + 4)/3 + (3 - 1) is divided by 13.
10
Suppose 5*n = 4*r - 106 - 174, 5*r + 4*n - 391 = 0. Calculate the remainder when 9 is divided by r/18 + (-1)/6.
1
Suppose 5*y + 2*x - 170 - 6 = 0, 0 = -y + 5*x + 46. Calculate the remainder when 179 is divided by y.
35
Suppose 5*u - 76 = u. What is the remainder when u is divided by 4?
3
Let t = -9 - -4. Calculate the remainder when 63 is divided by t/(10/(-48)) - 2.
19
Suppose 3*w = -2*v - 26, 2 = 2*w + w - 5*v. Let j(t) = -t**2 - t. Let i be j(-5). Let u = w - i. What is the remainder when 54 is divided by u?
12
Suppose -2*m - 3*k + 16 = 3*m, 0 = -3*m + k + 4. Calculate the remainder when 90 is divided by (644/14)/(m*1).
21
Suppose 0*l = 5*l - 5. Let u = 2 + l. Suppose -4*r = -u*z - 16 + 50, z + 5*r = -14. Calculate the remainder when 16 is divided by z.
4
Suppose -5*n + 0*n + 445 = 0. What is the remainder when n is divided by 23?
20
Let c = -5 + 0. What is the remainder when (25 - -4) + (-2 - c) is divided by 11?
10
Let v = -16 + 29. Suppose 5*n - n = 148. What is the remainder when n is divided by v?
11
Let i(q) = -q**3